t common divisor of 11 and f?
11
Let f = 82 + -40. What is the greatest common factor of 7 and f?
7
Let v be ((-7)/((-70)/(-8)))/((-1)/15). Calculate the highest common factor of v and 12.
12
Let l(v) = v**2 - 6*v - 3. Suppose -2*n - n + 21 = 0. Let y be l(n). Suppose y*w - 3*w = 35. What is the highest common divisor of 7 and w?
7
Let o(v) = -v**2 + 6*v + 3. Let t be o(6). Let d(c) = c**3 + 1. Suppose -3*h + 2 = -1. Let r be d(h). Calculate the greatest common factor of r and t.
1
Suppose 2 = -3*b + 32. Let f(u) = 9*u + 7. Let m be f(7). Calculate the greatest common factor of b and m.
10
Let q = 26 + -22. Calculate the greatest common factor of 16 and q.
4
Let d be 1 + -239*(0 - 1). Let g(u) = 19*u - 65. Let j be g(5). Calculate the highest common divisor of j and d.
30
Let l(s) = 3*s - 5. Let j be l(8). Suppose -o - 1 + j = 0. What is the highest common factor of 27 and o?
9
Let j = 166 - 96. Suppose -4*g + j = g. Calculate the greatest common divisor of g and 42.
14
Suppose -42 = -5*w - 4*x + 22, 0 = -4*x + 4. What is the greatest common factor of 48 and w?
12
Let o(i) = -2*i**3 - 3*i**2 - 2*i - 3. Let d be o(-2). Let n = d - -1. What is the greatest common factor of n and 4?
2
Let h = -16 - -34. Suppose -36*a + 225 = -31*a. Calculate the greatest common divisor of h and a.
9
Let m be (-1)/(-5) - 88/(-10). Suppose p - m + 3 = 0. Suppose -19 = r - 5*f, 2*r = -0*r + 2*f - p. What is the greatest common factor of r and 4?
1
Suppose 0 = 5*o + 4*q - 39 + 14, -3*o = -2*q - 15. What is the highest common divisor of o and 15?
5
Let d = -12 + 23. Let t be 2/6 - (-10)/15. Let h be t - 3/(6/(-86)). Calculate the highest common factor of d and h.
11
Suppose -p = f - 0*p, -10 = 2*f + 4*p. Suppose f*q - j = 72, 0*q - 3*j = 2*q - 22. Calculate the highest common divisor of 56 and q.
14
Let y(o) = -o + 12. Let j be y(10). What is the greatest common divisor of 4 and j?
2
Suppose -4 = -3*n - 1. Let m(x) = -x**3 + 4*x**2 + 4*x + 4. Let d be m(5). Let p be (-1)/d*(12 + -1). What is the greatest common factor of n and p?
1
Let u = 35 + -22. What is the greatest common factor of u and 13?
13
Let a = -34 + 44. What is the highest common factor of 90 and a?
10
Let v be 68/5 - 4/(-10). Let y = 15 + -8. Calculate the greatest common factor of y and v.
7
Let w be (-1)/(2/8) - 21*-4. What is the greatest common factor of w and 32?
16
Suppose t + d - 361 = 4, t = -2*d + 370. What is the highest common factor of t and 45?
45
Let z(s) = 5*s + 2. Let o be (0*(-3)/(-9))/1. Suppose o = 6*a - 2*a - 16. Let b be z(a). Calculate the highest common divisor of b and 66.
22
Let t(w) = 0*w + 60*w**2 - w + w. Let d be t(-1). Calculate the highest common divisor of d and 40.
20
Let m(z) = -z**2 - 11*z + 5. Let x be m(-11). Suppose 387 = x*c + 17. Calculate the greatest common divisor of 111 and c.
37
Let a = -83 - -209. Suppose -70 = 14*w - 19*w. Calculate the highest common factor of a and w.
14
Suppose 0 = 2*g - 133 - 47. What is the greatest common divisor of 10 and g?
10
Let p(h) be the first derivative of h**3/3 - 9*h**2/2 + 9*h - 3. Let z be p(9). What is the highest common factor of z and 36?
9
Suppose -4*l = 5 - 1, 380 = 5*s - 5*l. Suppose 2*b + 24 - 2 = -a, -4*b + 52 = -2*a. Let u be (10/(-4))/(2/a). What is the greatest common divisor of s and u?
15
Let f(c) = -c**3 + 132. Let u be f(0). Suppose 0*w - 48 = -4*w. Calculate the greatest common divisor of w and u.
12
Let x(i) = i**3 + 8*i**2 - 4*i - 7. Let f be x(-7). Suppose -5 - 15 = -4*s. Suppose 43 + 27 = s*w. Calculate the greatest common factor of w and f.
14
Suppose 0*b - 24 = -2*b. Let v = -4 + 6. Suppose 216 = v*s + s. What is the greatest common divisor of s and b?
12
Let j be (4 - 2/2) + -1. Suppose -5*w + 82 = 2. Let g = -8 + w. Calculate the greatest common factor of g and j.
2
Suppose 2*f - 92 = -3*n, -n + 11 = -3*f - 16. What is the highest common factor of n and 30?
30
Let q be (-2)/(-11) + (-1118)/(-143). What is the highest common divisor of q and 8?
8
Suppose 5*l - 233 - 160 = 4*d, 0 = 4*l + 3*d - 333. Calculate the highest common factor of 54 and l.
27
Let n(b) = 183 + 2*b - 183. Let a be n(2). What is the highest common factor of 28 and a?
4
Let a be 4/(-6) + 1234/6. Suppose 260 = 5*p + 5*f, 4*p = 5*f - 10*f + a. What is the greatest common divisor of 22 and p?
11
Suppose 0 = z - 1, -z = -m - 49 + 578. Suppose -2*c - m = 3*c. Let f = -15 - c. Calculate the highest common divisor of 13 and f.
13
Suppose -h + 3 = -2*h. Let s be 0 - (h - -1 - 5). Suppose 3*b + 99 = 3*q, 4*q + b + 96 = 238. Calculate the highest common divisor of s and q.
7
Let h be (-4)/1*24/(-48). What is the highest common factor of h and 1?
1
Let r = 7 + -11. Let g = r + 5. What is the greatest common divisor of g and 7?
1
Let k be 0 + 6/3 + -2. Let l(n) = -n**2 - n + 3. Let y be l(k). Suppose 0 = j + q - 86, j = -y*q - 0*q + 90. What is the greatest common factor of 12 and j?
12
Let o(s) = s**2 + s + 225. Let h be o(0). What is the highest common factor of h and 45?
45
Let m(j) = j**2 - 10*j + 9. Let f be 12 + (-2)/((-8)/(-4)). Let g be m(f). Calculate the highest common factor of 220 and g.
20
Suppose i = 6*i - 70. Suppose 2*y = -5*x + 4*y + i, 12 = 5*x - y. Calculate the greatest common divisor of x and 3.
1
Suppose n - 72 = -2*n - 3*l, 4*n - 4*l - 128 = 0. Calculate the highest common divisor of 28 and n.
28
Suppose h - 14 = -2*z + z, 2*h + 44 = 4*z. Suppose 3*b + b = z. Calculate the highest common factor of b and 33.
3
Let m = -2 + 5. Suppose -m*w + 3*z = -105, -3*w - 3*z + 59 = -16. Suppose 0 = -3*c - 0*c + 225. Calculate the highest common divisor of w and c.
15
Let y = 18 + -3. What is the highest common divisor of y and 6?
3
Suppose -w + 3*d + 12 = -0*w, -22 = -w - 2*d. What is the greatest common divisor of w and 2?
2
Let u(f) = -2*f - 4. Let v(n) = -n**2 + 3*n + 5. Let d be v(5). Let l be u(d). Let q = 32 + -23. What is the highest common factor of l and q?
3
Suppose -6 = g - 2. Let n(f) = -f. Let d be n(g). Suppose 0 = -d*s - m + 468, 0 = 2*m + 2*m. What is the greatest common divisor of s and 13?
13
Let y(s) = -s**3 - s**2 + s + 8. Let z be y(0). Calculate the highest common divisor of 40 and z.
8
Let r = 15 - 10. Suppose 3*z + 8 = -2*o + 3*o, 2*z = 3*o - 17. What is the greatest common factor of o and r?
5
Let x = -324 + 456. Calculate the greatest common divisor of x and 12.
12
Let v = 44 + -18. Let c be (-18 - -2)/((-3)/9). Suppose -5*d + 17 = -c. Calculate the highest common divisor of d and v.
13
Let f = -11 - -17. Suppose u + 1 = f. Calculate the greatest common factor of u and 40.
5
Suppose 5*j - 65 = -r, -4*r + 3 - 19 = -3*j. Suppose -2*i - i = -j. Suppose i*p - 64 = -0*p. What is the highest common factor of p and 4?
4
Let d = 25 - 15. Suppose -6*j + d*j = 560. Suppose 82 = 4*i + 2. What is the greatest common factor of i and j?
20
Let p be -3 + 2*(-6)/(-3). Let j be (-1 - -61)*p/1. What is the highest common divisor of 10 and j?
10
Let h be 2/6*(-54)/6. Let b be h - (-2 - -4 - 7). What is the greatest common divisor of b and 3?
1
Let z be 1 + -39*1/(-1). Let r(k) = -k**3 + 6*k**2 - 4*k. Let n be r(4). What is the highest common factor of z and n?
8
Suppose 3*n = -p + n + 54, -3*p + 140 = -5*n. What is the greatest common divisor of p and 450?
50
Suppose -6 + 24 = 3*s. Calculate the highest common divisor of s and 30.
6
Let x = -27 + 43. Let m = -8 - -12. Let c = m + 4. What is the highest common divisor of c and x?
8
Suppose 0 = -4*q - 4*i + 32, 4*i = 3*q - 2 + 6. Let j = -1 - -33. Calculate the highest common factor of j and q.
4
Let x = 59 - 45. Calculate the greatest common factor of x and 154.
14
Let k be (-4)/26 + (-4452)/(-39). Suppose 674 - k = 4*n. What is the greatest common factor of n and 20?
20
Suppose 8*o - 12*o + 36 = 0. Suppose -20 = 4*h, 5*c = -3*h - 4 - 11. Suppose c = -q - 4*q + 225. Calculate the highest common divisor of q and o.
9
Let v(s) = -s + 23. Let c be v(12). Calculate the greatest common factor of c and 33.
11
Let g = 7 - 5. Let b be -2 + ((-8)/(-1) - g). Suppose -8 = -3*h - b*q + 3, 0 = -5*h + q + 3. Calculate the highest common divisor of h and 10.
1
Suppose t - 3*t + 3*d = 13, 4*d = -3*t + 23. Let f be (2 + t - -1) + -2. Suppose -3*p - 14 = -3*m + 13, -f = 2*p. What is the gre